 by 1794.
11
Calculate the remainder when 14420821 is divided by 206.
203
What is the remainder when 27943 is divided by 9311?
10
Calculate the remainder when 9502 is divided by 232.
222
Calculate the remainder when 176789 is divided by 93.
89
Calculate the remainder when 12862 is divided by 280.
262
Calculate the remainder when 57383 is divided by 14.
11
Calculate the remainder when 3220 is divided by 1047.
79
What is the remainder when 72385 is divided by 72335?
50
Calculate the remainder when 3602 is divided by 69.
14
Calculate the remainder when 12808 is divided by 3129.
292
What is the remainder when 27307 is divided by 1051?
1032
Calculate the remainder when 7093 is divided by 3433.
227
What is the remainder when 195774 is divided by 304?
302
What is the remainder when 8434 is divided by 77?
41
Calculate the remainder when 265190 is divided by 442.
432
Calculate the remainder when 84521 is divided by 1044.
1001
Calculate the remainder when 1081 is divided by 809.
272
Calculate the remainder when 61695 is divided by 6.
3
What is the remainder when 19164 is divided by 213?
207
Calculate the remainder when 12349 is divided by 772.
769
What is the remainder when 20399 is divided by 444?
419
Calculate the remainder when 1248 is divided by 569.
110
What is the remainder when 190536 is divided by 63512?
0
Calculate the remainder when 1148 is divided by 33.
26
What is the remainder when 8088 is divided by 226?
178
Calculate the remainder when 32488 is divided by 16231.
26
What is the remainder when 1508721 is divided by 104?
97
What is the remainder when 19790 is divided by 1413?
8
Calculate the remainder when 9867 is divided by 57.
6
Calculate the remainder when 68032 is divided by 292.
288
What is the remainder when 22929 is divided by 22672?
257
What is the remainder when 152371 is divided by 30472?
11
What is the remainder when 182175 is divided by 96?
63
What is the remainder when 10089 is divided by 1646?
213
Calculate the remainder when 43028 is divided by 2688.
20
What is the remainder when 7151 is divided by 2381?
8
What is the remainder when 114658 is divided by 156?
154
What is the remainder when 4581 is divided by 3?
0
Calculate the remainder when 4562 is divided by 84.
26
What is the remainder when 2309 is divided by 516?
245
What is the remainder when 94489 is divided by 71?
59
Calculate the remainder when 541567 is divided by 123.
121
Calculate the remainder when 418663 is divided by 565.
563
What is the remainder when 90711 is divided by 80?
71
What is the remainder when 80954 is divided by 73?
70
Calculate the remainder when 4217 is divided by 47.
34
What is the remainder when 3077 is divided by 2063?
1014
What is the remainder when 35239 is divided by 2935?
19
Calculate the remainder when 12430 is divided by 84.
82
What is the remainder when 4579 is divided by 503?
52
What is the remainder when 2773 is divided by 231?
1
Calculate the remainder when 5037 is divided by 102.
39
What is the remainder when 1549 is divided by 1472?
77
What is the remainder when 1476 is divided by 69?
27
What is the remainder when 252156 is divided by 46?
30
Calculate the remainder when 66097 is divided by 48.
1
What is the remainder when 19891815 is divided by 162?
159
Calculate the remainder when 6728 is divided by 2209.
101
What is the remainder when 210153 is divided by 5837?
21
Calculate the remainder when 36438 is divided by 20.
18
Calculate the remainder when 3282 is divided by 1544.
194
What is the remainder when 6913 is divided by 354?
187
Calculate the remainder when 7328 is divided by 18.
2
Calculate the remainder when 13049 is divided by 272.
265
Calculate the remainder when 53674 is divided by 60.
34
What is the remainder when 8947 is divided by 6?
1
Calculate the remainder when 504204 is divided by 8.
4
What is the remainder when 393 is divided by 67?
58
Calculate the remainder when 57236 is divided by 131.
120
What is the remainder when 1523 is divided by 32?
19
What is the remainder when 894 is divided by 150?
144
What is the remainder when 63889 is divided by 519?
52
Calculate the remainder when 76966 is divided by 31.
24
Calculate the remainder when 23126 is divided by 22518.
608
What is the remainder when 49148 is divided by 311?
10
Calculate the remainder when 2164705 is divided by 626.
623
Calculate the remainder when 20137 is divided by 671.
7
Calculate the remainder when 41221 is divided by 8219.
126
What is the remainder when 530892 is divided by 753?
27
Calculate the remainder when 90143 is divided by 63.
53
Calculate the remainder when 123381 is divided by 41070.
171
What is the remainder when 5662 is divided by 433?
33
What is the remainder when 3054 is divided by 1368?
318
What is the remainder when 23713 is divided by 300?
13
Calculate the remainder when 138404 is divided by 46131.
11
What is the remainder when 163469 is divided by 34?
31
What is the remainder when 9755 is divided by 8?
3
What is the remainder when 10625 is divided by 302?
55
What is the remainder when 2154697 is divided by 145?
142
What is the remainder when 6625 is divided by 135?
10
What is the remainder when 1629 is divided by 487?
168
Calculate the remainder when 89580 is divided by 7464.
12
Calculate the remainder when 169320 is divided by 325.
320
What is the remainder when 657223 is divided by 15?
13
Calculate the remainder when 1722 is divided by 169.
32
What is the remainder when 1072888 is divided by 234?
232
What is the remainder when 7328 is divided by 7302?
26
Calculate the remainder when 5005 is divided by 927.
370
What is the remainder when 41738 is divided by 67?
64
What is the remainder when 8713 is divided by 545?
538
What is the remainder when 1065 is divided by 386?
293
Calculate the remainder when 94411 is divided by 28.
23
What is the remainder when 314495 is divided by 370?
365
Calculate the remainder when 609238 is divided by 2024.
14
Calculate the remainder when 29850 is divided by 829.
6
What is the remainder when 7173 is divided by 1194?
9
What is the remainder when 18637 is divided by 137?
5
Calculate the remainder when 103677 is divided by 192.
189
Calculate the remainder when 35364 is divided by 17682.
0
Calculate the remainder when 4937365 is divided by 1522.
1519
Calculate the remainder when 259965 is divided by 384.
381
What is the remainder when 59135 is divided by 12?
11
What is the remainder when 57316 is divided by 19096?
28
What is the remainder when 7133 is divided by 210?
203
Calculate the remainder when 94310 is divided by 31425.
35
Calculate the remainder when 2008 is divided by 623.
139
Calculate the remainder when 25916 is divided by 551.
19
Calculate the remainder when 2260 is divided by 121.
82
What is the remainder when 585 is divided by 112?
25
Calculate the remainder when 9552 is divided by 93.
66
What is the remainder when 3140 is divided by 839?
623
What is the remainder when 34926 is divided by 284?
278
What is the remainder when 135992 is divided by 73?
66
What is the remainder when 2252 is divided by 268?
108
What is the remainder when 8675 is divided by 4263?
149
What is the remainder when 551006 is divided by 1789?
1783
What is the remainder when 6291 is divided by 84?
75
What is the remainder when 3732 is divided by 1239?
15
What is the remainder when 105085 is divided by 35004?
73
What is the remainder when 251 is divided by 48?
11
What is the remainder when 24570 is divided by 72?
18
Calculate the remainder when 680 is divided by 177.
149
Calculate the remainder when 208949 is divided by 35.
34
Calculate the remainder when 194375 is divided by 39.
38
What is the remainder when 7549 is divided by 61?
46
Calculate the remainder when 8917 is divided by 18.
7
Calculate the remainder when 3650 is divided by 1806.
38
Calculate the remainder when 62884 is divided by 109.
100
What is the remainder when 36809 is divided by 18370?
69
Calculate the remainder when 29339 is divided by 131.
126
What is the remainder when 1034638 is divided by 180?
178
What is the remainder when 1393 is divided by 38?
25
Calculate the remainder when 2426 is divided by 2415.
11
Calculate the remainder when 34558 is divided by 8636.
14
What is the remainder when 4430 is divided by 425?
180
What is the remainder when 92297 is 